) = -c**3 + 2*c**2 + 5*c - 2. Let y be n(3). Calculate the greatest common factor of y and 44.
4
Let k = -9 - -14. Let a(v) = 2*v + 7. Let i be a(k). Suppose 3*c = 4*c - 85. Calculate the greatest common divisor of c and i.
17
Let u = -109 + 325. What is the greatest common factor of u and 24?
24
Let c be (-2)/4*(2 - 66). Let p be 2/4 - (-575)/2. What is the highest common divisor of c and p?
32
Suppose 0*b = 5*b - 2*i - 302, i - 179 = -3*b. Let n be (-2)/(-13) - 24/(-13). Suppose 0 = n*u - 5*u + 72. Calculate the highest common divisor of u and b.
12
Let x(c) = 45*c + 3. Let v be x(6). Calculate the greatest common factor of v and 39.
39
Let w = -51 - -77. Calculate the highest common factor of w and 39.
13
Let u = 96 + -24. Calculate the greatest common divisor of u and 96.
24
Let a(k) = -k**2 - 16*k. Let j be a(-10). What is the greatest common factor of j and 12?
12
Let x(l) = l**2 - 3*l. Let f be x(-5). Calculate the greatest common factor of f and 8.
8
Suppose 2*h - 7*h = -175. Let u = -17 + h. What is the highest common factor of 6 and u?
6
Let k = 20 - -55. What is the greatest common divisor of k and 30?
15
Let t(z) be the third derivative of 41*z**6/120 + z**3/6 + 6*z**2. Let p be t(1). Calculate the greatest common factor of 28 and p.
14
Suppose -x - x + 34 = 0. Let n = 24 - x. Calculate the highest common factor of 56 and n.
7
Suppose 4*m - 3*l = 38, -4*m = l - 15 - 31. Calculate the highest common factor of m and 44.
11
Suppose -8*d + 4*d + 16 = 0. Let x be 2*d - (4 + -1). Suppose 0 = 4*m - 5*s - 41, -4*s = -m + x + 8. What is the highest common factor of 81 and m?
9
Let z(q) = 2*q + 6. Let x be z(5). Suppose 3*y + y = x. What is the greatest common divisor of 40 and y?
4
Let k(s) = 2*s**2 - 8*s - 2. Let r be k(5). Calculate the greatest common divisor of 12 and r.
4
Suppose 7*m - 141 = 97. What is the greatest common divisor of m and 85?
17
Suppose -11*o = -415 - 289. Calculate the highest common factor of o and 16.
16
Let m be -6*2/6*-2. Suppose -4*k = -5*b - 10 - 5, 5*k - 20 = 5*b. Suppose -b = 3*c - 4. Calculate the greatest common divisor of m and c.
1
Suppose 0 = -5*b - 3*d + 85, -67 = -5*b + d + 18. What is the highest common factor of b and 17?
17
Let y(c) = 6*c - 1. Let m be y(1). Suppose -5*i + m*a = -105, -2*i - a + 16 = -35. Let t = 37 - 21. Calculate the greatest common factor of t and i.
8
Let x be 4/24 - (-262)/12. Let b(a) = 3*a**2 + a - 2. Let p be b(-3). Calculate the highest common factor of p and x.
22
Suppose 2*z + z + c - 12 = 0, c + 12 = 3*z. Suppose z*o + 4*j = 16, -1 + 7 = 3*o + 5*j. What is the highest common factor of o and 7?
7
Let x(t) = -t**3 - 8*t**2 + 8*t - 3. Let f be x(-9). Calculate the greatest common factor of f and 30.
6
Let p = -125 - -177. What is the highest common factor of p and 13?
13
Let z = 796 - 554. Calculate the highest common factor of z and 22.
22
Let d(p) = 6*p - 1. Let y be d(1). Let o be (-3 - 0)*-30*(-32)/(-72). What is the highest common factor of o and y?
5
Let c(d) = d**2 + 9*d - 18. Let o be c(-11). Calculate the highest common divisor of o and 36.
4
Suppose 2*g = -4*p + 74 - 28, 81 = 2*g - 3*p. What is the highest common divisor of 22 and g?
11
Suppose -8 = -5*z + 3*z. Calculate the greatest common divisor of 2 and z.
2
Let p be (18/(-7))/(51/(-2380)). What is the highest common factor of 12 and p?
12
Let c = 23 - 9. Suppose -b - c = -47. Suppose 4*j + 5*u - 68 = 0, 5*u = -j - j + 24. Calculate the highest common divisor of j and b.
11
Let m(d) be the second derivative of d**3/6 + 7*d**2 + 3*d. Let p be m(11). What is the greatest common divisor of 10 and p?
5
Suppose -4*u - u + 30 = 0. Suppose -5*j + 2*n = 6 + 23, 2*j + 4*n + 2 = 0. Let s be (-20)/(-6)*(-45)/j. What is the greatest common divisor of s and u?
6
Suppose -33*n + 39 = -20*n. Suppose 2*q - 16 = 14. Calculate the highest common divisor of n and q.
3
Let r = 203 - 103. Calculate the highest common divisor of 40 and r.
20
Let o = 2 + 0. Suppose 7*r = o*r + 200. What is the greatest common divisor of 16 and r?
8
Let z = -49 + 91. Let k be 33/7 - (-12)/z. Calculate the highest common divisor of k and 55.
5
Let s = -29 + 84. Let x(i) = -i + 16. Suppose 5*d = -5*q, 4*d - 3*d + 2*q = -5. Let c be x(d). What is the greatest common factor of s and c?
11
Let m = 98 - -23. Let k be 22*5*2/4. Suppose k = 4*p + p. What is the highest common divisor of p and m?
11
Suppose 4*z - 175 = -h + 145, -z - 2*h + 80 = 0. What is the highest common divisor of z and 16?
16
Suppose 4*x - 6 = -2*q, -2*x + q = 3*q - 6. Let i be (3 - x)/((-2)/(-30)). Calculate the greatest common divisor of i and 15.
15
Let o(t) = 3*t**2 - 14*t + 9. Let p be o(11). Suppose q - 2*u = 5*q - 292, 3*q + u = p. Calculate the highest common factor of 9 and q.
9
Suppose -3*d + 2*d = -2. Let s = 3 - d. What is the greatest common divisor of s and 2?
1
Let h(j) = 10*j**2 + 5*j - 5. Let q be h(4). Let a = q - 76. Suppose -5*m + 47 = 2. Calculate the greatest common divisor of a and m.
9
Suppose -14*u + 510 = -9*u. Let b = -58 + u. Suppose 8 + 12 = 4*r, -13 = -2*f - r. What is the greatest common divisor of f and b?
4
Suppose 2*j = 142 + 20. Let z be 9*(-2 + -1 - -6). What is the greatest common divisor of z and j?
27
Suppose -5*r = -w - 9, -4*w = -5*w + 1. Let v be 38*6/4 - r. What is the greatest common divisor of 5 and v?
5
Let x = 138 - 79. Let r = -38 + x. Calculate the greatest common factor of r and 105.
21
Let g(w) = -w + 5. Let b be g(4). Let a = 10 + b. Let f = 33 - a. What is the greatest common factor of f and 22?
22
Suppose 0 = -4*n + 3*r + 11, 2*n + 2*r - 9 = 7. Suppose n*c - 191 + 46 = q, q = -5*c + 135. What is the greatest common factor of c and 4?
4
Let f = 44 + -2. What is the greatest common divisor of f and 21?
21
Suppose -5*a - i + 35 = 4*i, 4*i - 37 = -5*a. Suppose b - 57 - 6 = 0. Calculate the highest common divisor of a and b.
9
Suppose k = 4*y - 3*y - 7, -5*y + 4*k = -30. Let b be 3/(2/((-12)/(-9))). What is the greatest common divisor of y and b?
2
Suppose 5*n + 2*f - 360 = 0, -3*n - 3*f = 2*n - 365. Suppose 0 = -19*s - 6*s + 700. Calculate the greatest common divisor of s and n.
14
Suppose 20 = 4*x + 4. Suppose -5*g + 48 = -2*k, -36 = -x*g - 0*k + k. Let r = 0 + g. Calculate the highest common factor of r and 24.
8
Suppose -2 = i + 2*p + 2*p, -4*p = 5*i - 22. Let q be 2/3 + (-130)/6. Let g be q*(1 - 3)/1. What is the highest common factor of g and i?
6
Let v be (1 - 2/(-2))*4. Suppose 0 = 7*i - 2*i. Suppose 4*d - 11 - 5 = i. What is the greatest common divisor of v and d?
4
Let l be 2/(-10) - (-116)/(-20). Let x = 8 + l. Suppose -6*q + x*q + 56 = 0. What is the highest common divisor of 14 and q?
14
Suppose -15 = w - 5. Let s be (-42)/(-5)*w/(-4). What is the highest common divisor of 105 and s?
21
Let p = 70 + -56. Let n(y) = -y + 7. Let q be n(5). Calculate the greatest common divisor of p and q.
2
Suppose 2*q - 20 = 136. Let s be 3/(-15) + 131/5. What is the highest common factor of q and s?
26
Let c(b) = -2*b - 5. Let m be c(-4). Suppose -m*p + 24 = -0. Suppose -2*g + p = 4*v, 4*g + 5*v = 25 - 3. What is the greatest common divisor of g and 2?
2
Suppose -4*w = 3*u + 3 - 10, 3*w - 4 = -2*u. Let n be 2*(0 - 13/w). Calculate the highest common factor of 26 and n.
13
Let m = -5 + 8. Suppose -72 = -m*y - 0*y. Calculate the highest common factor of 48 and y.
24
Let v(a) = a**2 + 7*a - 2. Let i be v(-8). Let n(q) = 4 - 2 - i + 4*q - 2. Let o be n(5). Calculate the highest common factor of o and 2.
2
Let v = 7 - 5. Let b be v/(-6) - (-111)/9. Calculate the highest common factor of b and 12.
12
Suppose -4*f + 4*p = 16, 5 = -f - 2*p + 1. Let q = 5 + f. Let m be (0 + q)/(4/48). What is the greatest common factor of m and 30?
6
Suppose -2*x - 3*r = -25, 2*x - 2*r - 3*r = -15. Suppose 5*a - 2*a = -q + 13, x*q - 5 = 5*a. Calculate the highest common factor of a and 21.
3
Let f = -11 - -21. Suppose 3*d - f = 50. Calculate the greatest common factor of 10 and d.
10
Let o(p) = -p**3 + 3*p**2 + 4*p + 5. Let v be o(4). Suppose 420 = -0*x + v*x. Let u be x/(-3)*3/(-6). Calculate the highest common factor of u and 7.
7
Let w(b) = 10*b**2 - b + 1. Let d be w(1). Suppose 0*s + d = s. Calculate the highest common factor of 40 and s.
10
Let b be 110/((-3